{"id":1189,"date":"2023-11-01T11:44:25","date_gmt":"2023-11-01T10:44:25","guid":{"rendered":"https:\/\/wellsprint.com\/?page_id=1189"},"modified":"2023-11-01T13:23:15","modified_gmt":"2023-11-01T12:23:15","slug":"regeln-fur-den-schutz-personenbezogener-daten","status":"publish","type":"page","link":"https:\/\/wellsprint.com\/de\/zasady-ochrany-osobnich-udaju","title":{"rendered":"Datenschutzbestimmungen"},"content":{"rendered":"<h2><b>I. Grundlegende Bestimmungen<\/b><\/h2>\n<ul>\n<li style=\"font-weight: 400;\" aria-level=\"1\">Der f\u00fcr die Verarbeitung personenbezogener Daten Verantwortliche im Sinne von Art. 4 Nr. 7 der Verordnung (EU) 2016\/679 des Europ\u00e4ischen Parlaments und des Rates zum Schutz nat\u00fcrlicher Personen bei der Verarbeitung personenbezogener Daten und zum freien Datenverkehr (nachfolgend: \"DSGVO\") ist die Wellsprint s.r.o., Firmennummer 06998119, mit Sitz in Za Sedmidomky 15, Michle (Prag 10), 101 00 Prag 1, Aktenzeichen C 330710\/MSPH, eingetragen beim Stadtgericht Prag (nachfolgend: \"der f\u00fcr die Verarbeitung Verantwortliche\").<\/li>\n<\/ul>\n<p>Die Kontaktdaten des Verwalters lauten:<\/p>\n<ul>\n<li>Adresse: Za Sedmidomky 15, Michle (Prag 10), 101 00 Prag 1<\/li>\n<li>E-Mail: <a href=\"mailto:info@wellsprint.com\">info@wellsprint.com<\/a><\/li>\n<li style=\"font-weight: 400;\" aria-level=\"1\">\u00a0Telefon: +420 608 808 298<\/li>\n<li style=\"font-weight: 400;\" aria-level=\"1\">Personenbezogene Daten sind alle Informationen \u00fcber eine bestimmte oder bestimmbare nat\u00fcrliche Person; als bestimmbar wird eine nat\u00fcrliche Person angesehen, die direkt oder indirekt identifiziert werden kann, insbesondere durch Zuordnung zu einer Kennung wie einem Namen, zu einer Kennnummer, zu Standortdaten, zu einer Netzkennung oder zu einem oder mehreren besonderen Merkmalen der physischen, physiologischen, genetischen, psychischen, wirtschaftlichen, kulturellen oder sozialen Identit\u00e4t dieser nat\u00fcrlichen Person.<\/li>\n<li style=\"font-weight: 400;\" aria-level=\"1\">Der f\u00fcr die Verarbeitung Verantwortliche hat keinen Datenschutzbeauftragten ernannt.<\/li>\n<\/ul>\n<h2><b>II. Quellen und Kategorien der verarbeiteten personenbezogenen Daten<\/b><\/h2>\n<ol>\n<li style=\"font-weight: 400;\" aria-level=\"1\">\u00a0Der f\u00fcr die Verarbeitung Verantwortliche verarbeitet personenbezogene Daten, die Sie dem f\u00fcr die Verarbeitung Verantwortlichen zur Verf\u00fcgung gestellt haben, oder personenbezogene Daten, die der f\u00fcr die Verarbeitung Verantwortliche auf der Grundlage der Erf\u00fcllung Ihrer Bestellung erhalten hat.<\/li>\n<li style=\"font-weight: 400;\" aria-level=\"1\">Der f\u00fcr die Verarbeitung Verantwortliche verarbeitet Ihre Identifizierungs- und Kontaktdaten sowie Daten, die f\u00fcr die Erf\u00fcllung des Vertrags erforderlich sind.<\/li>\n<\/ol>\n<h2><b>III. Rechtsgrundlage und Zweck der Verarbeitung der personenbezogenen Daten<\/b><\/h2>\n<ul>\n<li aria-level=\"1\"><b>\u00a0<\/b>Der rechtm\u00e4\u00dfige Grund f\u00fcr die Verarbeitung personenbezogener Daten ist<br \/>\n\u200d<br \/>\n- Erf\u00fcllung des Vertrags zwischen Ihnen und dem f\u00fcr die Verarbeitung Verantwortlichen gem\u00e4\u00df Artikel 6 Absatz 1 Buchstabe b) DSGVO,<br \/>\n- Erf\u00fcllung der rechtlichen Verpflichtung des f\u00fcr die Verarbeitung Verantwortlichen gem\u00e4\u00df Artikel 6 Absatz 1 Buchstabe c) DSGVO.<\/li>\n<\/ul>\n<ul>\n<li style=\"font-weight: 400;\" aria-level=\"1\">Der Zweck der Verarbeitung personenbezogener Daten ist die Abwicklung Ihrer Bestellung und die Wahrnehmung der Rechte und Pflichten aus dem Vertragsverh\u00e4ltnis zwischen Ihnen und dem Verwalter; bei der Bestellung, der unverbindlichen Bestellung und der Einholung von Informationen \u00fcber die Dienstleistung werden personenbezogene Daten ben\u00f6tigt, die f\u00fcr die erfolgreiche Durchf\u00fchrung der Bestellung erforderlich sind (Name, Kontakt), die Bereitstellung personenbezogener Daten ist eine notwendige Voraussetzung f\u00fcr den Abschluss und die Erf\u00fcllung des Vertrages, ohne die Bereitstellung personenbezogener Daten ist ein Vertragsabschluss oder eine Vertragserf\u00fcllung durch den Verwalter nicht m\u00f6glich,<br \/>\n- die Erf\u00fcllung der gesetzlichen Verpflichtungen gegen\u00fcber dem Staat.<\/li>\n<li style=\"font-weight: 400;\" aria-level=\"1\">Es gibt keine automatische individuelle Entscheidungsfindung durch den f\u00fcr die Verarbeitung Verantwortlichen im Sinne von Artikel 22 DSGVO. Sie haben Ihre ausdr\u00fcckliche Zustimmung zu einer solchen Verarbeitung gegeben.<\/li>\n<\/ul>\n<h2><b>IV. Dauer der Datenspeicherung<\/b><\/h2>\n<ul>\n<li style=\"font-weight: 400;\" aria-level=\"1\">Der f\u00fcr die Verarbeitung Verantwortliche speichert personenbezogene Daten<br \/>\n- f\u00fcr den Zeitraum, der erforderlich ist, um die Rechte und Pflichten aus dem Vertragsverh\u00e4ltnis zwischen Ihnen und dem f\u00fcr die Verarbeitung Verantwortlichen auszu\u00fcben und um Anspr\u00fcche aus diesen Vertragsverh\u00e4ltnissen geltend zu machen (f\u00fcr einen Zeitraum von 5 Jahren nach Beendigung des Vertragsverh\u00e4ltnisses).<\/li>\n<li style=\"font-weight: 400;\" aria-level=\"1\">Nach Ablauf der Aufbewahrungsfrist hat der f\u00fcr die Verarbeitung Verantwortliche die personenbezogenen Daten zu l\u00f6schen.<\/li>\n<\/ul>\n<h2><b>V. Empf\u00e4nger von personenbezogenen Daten (Unterauftragnehmer des f\u00fcr die Verarbeitung Verantwortlichen)<\/b><\/h2>\n<ul>\n<li style=\"font-weight: 400;\" aria-level=\"1\">Empf\u00e4nger von personenbezogenen Daten sind Personen<br \/>\n\u200d<br \/>\n- die an den Zahlungen und der Durchf\u00fchrung und Erbringung der Dienstleistungen im Rahmen des Vertrags beteiligt sind,<br \/>\n- Bereitstellung von Website- und Webanwendungsentwicklungsdiensten und anderen Diensten in Verbindung mit dem Betrieb eines Unternehmens f\u00fcr Website- und Anwendungsentwicklung<br \/>\n- Erbringung von Marketingdienstleistungen.<\/li>\n<li style=\"font-weight: 400;\" aria-level=\"1\">Der f\u00fcr die Verarbeitung Verantwortliche hat nicht die Absicht, personenbezogene Daten an ein Drittland (Nicht-EU-Land) oder eine internationale Organisation zu \u00fcbermitteln.<\/li>\n<\/ul>\n<h2><b>VI. Verantwortliche f\u00fcr die Verarbeitung personenbezogener Daten<\/b><\/h2>\n<ul>\n<li style=\"font-weight: 400;\" aria-level=\"1\">Die Verarbeitung der personenbezogenen Daten erfolgt durch den f\u00fcr die Verarbeitung Verantwortlichen, aber auch die folgenden Auftragsverarbeiter k\u00f6nnen personenbezogene Daten f\u00fcr den f\u00fcr die Verarbeitung Verantwortlichen verarbeiten:<br \/>\n\u200d<br \/>\n- m\u00f6glicherweise ein anderer Anbieter von Verarbeitungssoftwarediensten und -anwendungen, die derzeit nicht von dem f\u00fcr die Verarbeitung Verantwortlichen genutzt werden.<\/li>\n<li style=\"font-weight: 400;\" aria-level=\"1\">Der f\u00fcr die Verarbeitung Verantwortliche hat nicht die Absicht, personenbezogene Daten an ein Drittland (Nicht-EU-Land) oder eine internationale Organisation zu \u00fcbermitteln.<\/li>\n<\/ul>\n<h2><b>VII. Deine Rechte<\/b><\/h2>\n<ul>\n<li style=\"font-weight: 400;\" aria-level=\"1\">Unter den in der DSGVO festgelegten Bedingungen haben Sie gem\u00e4\u00df Artikel 15 der DSGVO das Recht auf Zugang zu Ihren personenbezogenen Daten,<br \/>\n- das Recht auf Berichtigung personenbezogener Daten gem\u00e4\u00df Artikel 16 DSGVO oder auf Einschr\u00e4nkung der Verarbeitung gem\u00e4\u00df Artikel 18 DSGVO,<br \/>\n- das Recht auf L\u00f6schung der personenbezogenen Daten gem\u00e4\u00df Artikel 17 DSGVO,<br \/>\n- das Recht auf Widerspruch gegen die Verarbeitung gem\u00e4\u00df Artikel 21 DSGVO,<br \/>\n- das Recht auf Daten\u00fcbertragbarkeit gem\u00e4\u00df Artikel 20 DSGVO; und<br \/>\n- das Recht, die Zustimmung zur Verarbeitung schriftlich oder auf elektronischem Wege an die in Artikel III dieser Bedingungen genannte Anschrift oder E-Mail-Adresse des f\u00fcr die Verarbeitung Verantwortlichen zu widerrufen.<\/li>\n<li style=\"font-weight: 400;\" aria-level=\"1\">Sie haben auch das Recht, sich beim Amt f\u00fcr den Schutz personenbezogener Daten zu beschweren, wenn Sie der Meinung sind, dass Ihr Recht auf Schutz personenbezogener Daten verletzt wurde, oder rechtliche Schritte einzuleiten.<\/li>\n<\/ul>\n<h2><b>VIII. Bedingungen f\u00fcr die Sicherheit personenbezogener Daten<\/b><\/h2>\n<ul>\n<li style=\"font-weight: 400;\" aria-level=\"1\">Der f\u00fcr die Verarbeitung Verantwortliche erkl\u00e4rt, dass er alle geeigneten technischen und organisatorischen Ma\u00dfnahmen zum Schutz personenbezogener Daten getroffen hat.<\/li>\n<li style=\"font-weight: 400;\" aria-level=\"1\">Der f\u00fcr die Verarbeitung Verantwortliche hat technische Ma\u00dfnahmen zur Sicherung der Datenspeicherung und der Speicherung personenbezogener Daten in Papierform getroffen.<\/li>\n<li style=\"font-weight: 400;\" aria-level=\"1\">Der f\u00fcr die Verarbeitung Verantwortliche erkl\u00e4rt, dass nur von ihm autorisierte Personen Zugang zu den personenbezogenen Daten haben.<\/li>\n<\/ul>\n<h2><b>IX. Schlussbestimmungen<\/b><\/h2>\n<ul>\n<li style=\"font-weight: 400;\" aria-level=\"1\">Indem Sie eine Bestellung \u00fcber das Online-Formular aufgeben, best\u00e4tigen Sie, dass Sie die Datenschutzbestimmungen zur Kenntnis genommen haben und sie in vollem Umfang akzeptieren.<\/li>\n<li style=\"font-weight: 400;\" aria-level=\"1\">Durch Ankreuzen des Zustimmungsfeldes im Online-Formular erkl\u00e4ren Sie sich mit diesen Bedingungen einverstanden. Mit dem Ankreuzen des Zustimmungsformulars best\u00e4tigen Sie, dass Sie die Datenschutzbestimmungen zur Kenntnis genommen haben und diese in vollem Umfang akzeptieren.<\/li>\n<li style=\"font-weight: 400;\" aria-level=\"1\">Der Verwalter ist berechtigt, diese Bedingungen zu \u00e4ndern. Er wird die neue Version der Datenschutzbestimmungen auf seiner Website ver\u00f6ffentlichen und die neue Version der Datenschutzbestimmungen auch an die E-Mail-Adresse senden, die Sie dem f\u00fcr die Verarbeitung Verantwortlichen mitgeteilt haben.<\/li>\n<\/ul>\n<p>&nbsp;<\/p>\n<p>Diese Bedingungen treten am 1. Oktober 2023 in Kraft.<\/p>","protected":false},"excerpt":{"rendered":"<p>I. Z\u00e1kladn\u00ed ustanoven\u00ed Spr\u00e1vcem osobn\u00edch \u00fadaj\u016f podle \u010dl. 4 bod 7 na\u0159\u00edzen\u00ed Evropsk\u00e9ho parlamentu a&nbsp;Rady (EU) 2016\/679 o&nbsp;ochran\u011b fyzick\u00fdch osob v&nbsp;souvislosti se zpracov\u00e1n\u00edm osobn\u00edch \u00fadaj\u016f a&nbsp;o&nbsp;voln\u00e9m pohybu t\u011bchto \u00fadaj\u016f (d\u00e1le jen: \u201eGDPR\u201d) je Wellsprint s.r.o. I\u010c 06998119 se s\u00eddlem Za Sedmidomky 15, Michle (Praha 10), 101&nbsp;00 \u00a0Praha 1 se spisovnou zna\u010dkou C 330710\/MSPH zapsan\u00e9m u&nbsp;M\u011bstsk\u00e9ho [&hellip;]<\/p>\n","protected":false},"author":1,"featured_media":0,"parent":0,"menu_order":0,"comment_status":"closed","ping_status":"closed","template":"","meta":{"_acf_changed":false,"footnotes":""},"class_list":["post-1189","page","type-page","status-publish","hentry"],"acf":[],"_links":{"self":[{"href":"https:\/\/wellsprint.com\/de\/wp-json\/wp\/v2\/pages\/1189","targetHints":{"allow":["GET"]}}],"collection":[{"href":"https:\/\/wellsprint.com\/de\/wp-json\/wp\/v2\/pages"}],"about":[{"href":"https:\/\/wellsprint.com\/de\/wp-json\/wp\/v2\/types\/page"}],"author":[{"embeddable":true,"href":"https:\/\/wellsprint.com\/de\/wp-json\/wp\/v2\/users\/1"}],"replies":[{"embeddable":true,"href":"https:\/\/wellsprint.com\/de\/wp-json\/wp\/v2\/comments?post=1189"}],"version-history":[{"count":0,"href":"https:\/\/wellsprint.com\/de\/wp-json\/wp\/v2\/pages\/1189\/revisions"}],"wp:attachment":[{"href":"https:\/\/wellsprint.com\/de\/wp-json\/wp\/v2\/media?parent=1189"}],"curies":[{"name":"wp","href":"https:\/\/api.w.org\/{rel}","templated":true}]}}

<h2><b>I. Grundlegende Bestimmungen</b></h2>
<ul>
<li style="font-weight: 400;" aria-level="1">Der für die Verarbeitung personenbezogener Daten Verantwortliche im Sinne von Art. 4 Nr. 7 der Verordnung (EU) 2016/679 des Europäischen Parlaments und des Rates zum Schutz natürlicher Personen bei der Verarbeitung personenbezogener Daten und zum freien Datenverkehr (nachfolgend: "DSGVO") ist die Wellsprint s.r.o., Firmennummer 06998119, mit Sitz in Za Sedmidomky 15, Michle (Prag 10), 101 00 Prag 1, Aktenzeichen C 330710/MSPH, eingetragen beim Stadtgericht Prag (nachfolgend: "der für die Verarbeitung Verantwortliche").</li>
</ul>
<p>Die Kontaktdaten des Verwalters lauten:</p>
<ul>
<li>Adresse: Za Sedmidomky 15, Michle (Prag 10), 101 00 Prag 1</li>
<li>E-Mail: <a href="mailto:info@wellsprint.com">info@wellsprint.com</a></li>
<li style="font-weight: 400;" aria-level="1"> Telefon: +420 608 808 298</li>
<li style="font-weight: 400;" aria-level="1">Personenbezogene Daten sind alle Informationen über eine bestimmte oder bestimmbare natürliche Person; als bestimmbar wird eine natürliche Person angesehen, die direkt oder indirekt identifiziert werden kann, insbesondere durch Zuordnung zu einer Kennung wie einem Namen, zu einer Kennnummer, zu Standortdaten, zu einer Netzkennung oder zu einem oder mehreren besonderen Merkmalen der physischen, physiologischen, genetischen, psychischen, wirtschaftlichen, kulturellen oder sozialen Identität dieser natürlichen Person.</li>
<li style="font-weight: 400;" aria-level="1">Der für die Verarbeitung Verantwortliche hat keinen Datenschutzbeauftragten ernannt.</li>
</ul>
<h2><b>II. Quellen und Kategorien der verarbeiteten personenbezogenen Daten</b></h2>
<ol>
<li style="font-weight: 400;" aria-level="1"> Der für die Verarbeitung Verantwortliche verarbeitet personenbezogene Daten, die Sie dem für die Verarbeitung Verantwortlichen zur Verfügung gestellt haben, oder personenbezogene Daten, die der für die Verarbeitung Verantwortliche auf der Grundlage der Erfüllung Ihrer Bestellung erhalten hat.</li>
<li style="font-weight: 400;" aria-level="1">Der für die Verarbeitung Verantwortliche verarbeitet Ihre Identifizierungs- und Kontaktdaten sowie Daten, die für die Erfüllung des Vertrags erforderlich sind.</li>
</ol>
<h2><b>III. Rechtsgrundlage und Zweck der Verarbeitung der personenbezogenen Daten</b></h2>
<ul>
<li aria-level="1"><b> </b>Der rechtmäßige Grund für die Verarbeitung personenbezogener Daten ist<br />
‍<br />
- Erfüllung des Vertrags zwischen Ihnen und dem für die Verarbeitung Verantwortlichen gemäß Artikel 6 Absatz 1 Buchstabe b) DSGVO,<br />
- Erfüllung der rechtlichen Verpflichtung des für die Verarbeitung Verantwortlichen gemäß Artikel 6 Absatz 1 Buchstabe c) DSGVO.</li>
</ul>
<ul>
<li style="font-weight: 400;" aria-level="1">Der Zweck der Verarbeitung personenbezogener Daten ist die Abwicklung Ihrer Bestellung und die Wahrnehmung der Rechte und Pflichten aus dem Vertragsverhältnis zwischen Ihnen und dem Verwalter; bei der Bestellung, der unverbindlichen Bestellung und der Einholung von Informationen über die Dienstleistung werden personenbezogene Daten benötigt, die für die erfolgreiche Durchführung der Bestellung erforderlich sind (Name, Kontakt), die Bereitstellung personenbezogener Daten ist eine notwendige Voraussetzung für den Abschluss und die Erfüllung des Vertrages, ohne die Bereitstellung personenbezogener Daten ist ein Vertragsabschluss oder eine Vertragserfüllung durch den Verwalter nicht möglich,<br />
- die Erfüllung der gesetzlichen Verpflichtungen gegenüber dem Staat.</li>
<li style="font-weight: 400;" aria-level="1">Es gibt keine automatische individuelle Entscheidungsfindung durch den für die Verarbeitung Verantwortlichen im Sinne von Artikel 22 DSGVO. Sie haben Ihre ausdrückliche Zustimmung zu einer solchen Verarbeitung gegeben.</li>
</ul>
<h2><b>IV. Dauer der Datenspeicherung</b></h2>
<ul>
<li style="font-weight: 400;" aria-level="1">Der für die Verarbeitung Verantwortliche speichert personenbezogene Daten<br />
- für den Zeitraum, der erforderlich ist, um die Rechte und Pflichten aus dem Vertragsverhältnis zwischen Ihnen und dem für die Verarbeitung Verantwortlichen auszuüben und um Ansprüche aus diesen Vertragsverhältnissen geltend zu machen (für einen Zeitraum von 5 Jahren nach Beendigung des Vertragsverhältnisses).</li>
<li style="font-weight: 400;" aria-level="1">Nach Ablauf der Aufbewahrungsfrist hat der für die Verarbeitung Verantwortliche die personenbezogenen Daten zu löschen.</li>
</ul>
<h2><b>V. Empfänger von personenbezogenen Daten (Unterauftragnehmer des für die Verarbeitung Verantwortlichen)</b></h2>
<ul>
<li style="font-weight: 400;" aria-level="1">Empfänger von personenbezogenen Daten sind Personen<br />
‍<br />
- die an den Zahlungen und der Durchführung und Erbringung der Dienstleistungen im Rahmen des Vertrags beteiligt sind,<br />
- Bereitstellung von Website- und Webanwendungsentwicklungsdiensten und anderen Diensten in Verbindung mit dem Betrieb eines Unternehmens für Website- und Anwendungsentwicklung<br />
- Erbringung von Marketingdienstleistungen.</li>
<li style="font-weight: 400;" aria-level="1">Der für die Verarbeitung Verantwortliche hat nicht die Absicht, personenbezogene Daten an ein Drittland (Nicht-EU-Land) oder eine internationale Organisation zu übermitteln.</li>
</ul>
<h2><b>VI. Verantwortliche für die Verarbeitung personenbezogener Daten</b></h2>
<ul>
<li style="font-weight: 400;" aria-level="1">Die Verarbeitung der personenbezogenen Daten erfolgt durch den für die Verarbeitung Verantwortlichen, aber auch die folgenden Auftragsverarbeiter können personenbezogene Daten für den für die Verarbeitung Verantwortlichen verarbeiten:<br />
‍<br />
- möglicherweise ein anderer Anbieter von Verarbeitungssoftwarediensten und -anwendungen, die derzeit nicht von dem für die Verarbeitung Verantwortlichen genutzt werden.</li>
<li style="font-weight: 400;" aria-level="1">Der für die Verarbeitung Verantwortliche hat nicht die Absicht, personenbezogene Daten an ein Drittland (Nicht-EU-Land) oder eine internationale Organisation zu übermitteln.</li>
</ul>
<h2><b>VII. Deine Rechte</b></h2>
<ul>
<li style="font-weight: 400;" aria-level="1">Unter den in der DSGVO festgelegten Bedingungen haben Sie gemäß Artikel 15 der DSGVO das Recht auf Zugang zu Ihren personenbezogenen Daten,<br />
- das Recht auf Berichtigung personenbezogener Daten gemäß Artikel 16 DSGVO oder auf Einschränkung der Verarbeitung gemäß Artikel 18 DSGVO,<br />
- das Recht auf Löschung der personenbezogenen Daten gemäß Artikel 17 DSGVO,<br />
- das Recht auf Widerspruch gegen die Verarbeitung gemäß Artikel 21 DSGVO,<br />
- das Recht auf Datenübertragbarkeit gemäß Artikel 20 DSGVO; und<br />
- das Recht, die Zustimmung zur Verarbeitung schriftlich oder auf elektronischem Wege an die in Artikel III dieser Bedingungen genannte Anschrift oder E-Mail-Adresse des für die Verarbeitung Verantwortlichen zu widerrufen.</li>
<li style="font-weight: 400;" aria-level="1">Sie haben auch das Recht, sich beim Amt für den Schutz personenbezogener Daten zu beschweren, wenn Sie der Meinung sind, dass Ihr Recht auf Schutz personenbezogener Daten verletzt wurde, oder rechtliche Schritte einzuleiten.</li>
</ul>
<h2><b>VIII. Bedingungen für die Sicherheit personenbezogener Daten</b></h2>
<ul>
<li style="font-weight: 400;" aria-level="1">Der für die Verarbeitung Verantwortliche erklärt, dass er alle geeigneten technischen und organisatorischen Maßnahmen zum Schutz personenbezogener Daten getroffen hat.</li>
<li style="font-weight: 400;" aria-level="1">Der für die Verarbeitung Verantwortliche hat technische Maßnahmen zur Sicherung der Datenspeicherung und der Speicherung personenbezogener Daten in Papierform getroffen.</li>
<li style="font-weight: 400;" aria-level="1">Der für die Verarbeitung Verantwortliche erklärt, dass nur von ihm autorisierte Personen Zugang zu den personenbezogenen Daten haben.</li>
</ul>
<h2><b>IX. Schlussbestimmungen</b></h2>
<ul>
<li style="font-weight: 400;" aria-level="1">Indem Sie eine Bestellung über das Online-Formular aufgeben, bestätigen Sie, dass Sie die Datenschutzbestimmungen zur Kenntnis genommen haben und sie in vollem Umfang akzeptieren.</li>
<li style="font-weight: 400;" aria-level="1">Durch Ankreuzen des Zustimmungsfeldes im Online-Formular erklären Sie sich mit diesen Bedingungen einverstanden. Mit dem Ankreuzen des Zustimmungsformulars bestätigen Sie, dass Sie die Datenschutzbestimmungen zur Kenntnis genommen haben und diese in vollem Umfang akzeptieren.</li>
<li style="font-weight: 400;" aria-level="1">Der Verwalter ist berechtigt, diese Bedingungen zu ändern. Er wird die neue Version der Datenschutzbestimmungen auf seiner Website veröffentlichen und die neue Version der Datenschutzbestimmungen auch an die E-Mail-Adresse senden, die Sie dem für die Verarbeitung Verantwortlichen mitgeteilt haben.</li>
</ul>
<p>&nbsp;</p>
<p>Diese Bedingungen treten am 1. Oktober 2023 in Kraft.</p>

<p>I. Základní ustanovení Správcem osobních údajů podle čl. 4 bod 7 nařízení Evropského parlamentu a&nbsp;Rady (EU) 2016/679 o&nbsp;ochraně fyzických osob v&nbsp;souvislosti se zpracováním osobních údajů a&nbsp;o&nbsp;volném pohybu těchto údajů (dále jen: „GDPR”) je Wellsprint s.r.o. IČ 06998119 se sídlem Za Sedmidomky 15, Michle (Praha 10), 101&nbsp;00  Praha 1 se spisovnou značkou C 330710/MSPH zapsaném u&nbsp;Městského [&hellip;]</p>
